{"id":11839,"date":"2015-04-25T19:30:04","date_gmt":"2015-04-25T17:30:04","guid":{"rendered":"http:\/\/192.168.0.16\/wordpress\/?page_id=11839"},"modified":"2021-10-02T17:54:12","modified_gmt":"2021-10-02T15:54:12","slug":"impressum","status":"publish","type":"page","link":"https:\/\/dorfgemeinschaft-bremke.de\/wordpress\/?page_id=11839","title":{"rendered":"Impressum"},"content":{"rendered":"<div class=\"fsn-row full-width-row fsn-69f5b060a60bd light\" style=\"background-repeat:repeat;background-position:left top;background-attachment:scroll;background-size:auto;\"><div class=\"container-fluid\"><div class=\"row\"><div class=\"col-sm-12\"><div class=\"fsn-column-inner fsn-69f5b060a6160 light\"><div class=\"fsn-text fsn-69f5b060a61e5\">\n<p><span style=\"font-size: 14pt;\">Dorfgemeinschaft Bremke e.V.<\/span><br \/>\n<span style=\"font-size: 14pt;\"> Bremker Stra\u00dfe 2b<\/span><br \/>\n<span style=\"font-size: 14pt;\"> D-32699 Extertal<\/span><br \/>\n<span style=\"font-size: 14pt;\"> Telefon: 0171\/6223147<\/span><br \/>\n<span style=\"font-size: 14pt;\">E-Mail:&nbsp;<a href=\"mailto:Dorfgemeinschaft-Bremke@t-online.de\">Dorfgemeinschaft-Bremke@t-online.de<\/a><\/span>&nbsp;&nbsp;<br \/>\n<span style=\"font-size: 14pt;\">Internet:&nbsp;<a href=\"http:\/\/www.dorfgemeinschaft-bremke.de\/\">http:\/\/www.dorfgemeinschaft-bremke.de\/ <\/a><\/span><\/p>\n<p><span style=\"font-size: 14pt;\">Vertretungsberechtigter Vorstand: Andreas Lecker (1. Vorsitzender), Andreas Stork (2. Vorsitzender)<br \/>\n<\/span><span style=\"font-size: 14pt;\">Registergericht: Amtsgericht Lemgo<\/span><br \/>\n<span style=\"font-size: 14pt;\"> Registernummer: 6 VR 744<\/span><br \/>\n<span style=\"font-size: 14pt;\"> Inhaltlich Verantwortlicher gem\u00e4\u00df \u00a7 10 Absatz 3 MDStV: Andreas Lecker (Anschrift: Goldener Winkel 32)<\/span><\/p>\n<p><span style=\"font-size: 14pt;\"> Haftungshinweis: Trotz sorgf\u00e4ltiger inhaltlicher Kontrolle \u00fcbernehmen wir keine Haftung f\u00fcr die Inhalte externer Links. F\u00fcr den Inhalt der verlinkten Seiten sind ausschlie\u00dflich deren Betreiber verantwortlich.<\/span>&nbsp;<\/p>\n<p>&nbsp;<\/p>\n<p><span style=\"font-size: 14pt;\"><strong><u>Datenschutzerkl\u00e4rung der Dorfgemeinschaft Bremke e.V.<\/u><\/strong><\/span><\/p>\n<ul>\n<li><span style=\"font-size: 14pt;\"><strong> \u00a7 1.1<\/strong> Mit dem Vereinsbeitritt nimmt der Verein von seinen Mitgliedern Name, Vorname, Anschrift, Geburtsdatum, Bankverbindung sowie optional Telefonnummer, Mobilrufnummer und E-Mail-Adresse auf. Diese Informationen werden in und mit EDV-Systemen der Vorstandsmitglieder als auch ausgew\u00e4hlter Vereinsmitglieder mit besonderen Vereinsfunktionen gespeichert, verarbeitet und genutzt. Die personenbezogenen Daten werden dabei durch geeignete technische und organisatorische Ma\u00dfnahmen vor der Kenntnisnahme Dritter gesch\u00fctzt. Sonstige Informationen zu den Mitgliedern und Informationen \u00fcber Nichtmitglieder werden von dem Verein grunds\u00e4tzlich nur verarbeitet oder genutzt, wenn sie zur Wahrung des Vereinszweckes n\u00fctzlich sind und keine Anhaltspunkte bestehen, dass die betroffene Person ein schutzw\u00fcrdiges Interesse hat, das der Verarbeitung oder Nutzung entgegensteht.<\/span><\/li>\n<\/ul>\n<p>&nbsp;<\/p>\n<ul>\n<li><span style=\"font-size: 14pt;\"><strong> \u00a7 1.2<\/strong> Der Verein macht besondere Ereignisse des Vereinslebens, insbesondere die Durchf\u00fchrung von Veranstaltungen des Vereins, auf dem schwarzen Brett und\/oder auf den vereinseigenen Internetseiten bekannt. Dabei k\u00f6nnen personenbezogene Mitgliederdaten ver\u00f6ffentlicht werden. Das einzelne Mitglied kann jederzeit schriftlich gegen\u00fcber dem gesch\u00e4ftsf\u00fchrenden Vorstand gegen eine solche Ver\u00f6ffentlichung seiner Daten widersprechen. In diesem Fall unterbleibt in Bezug auf dieses Mitglied eine weitere Ver\u00f6ffentlichung am schwarzen Brett und\/oder auf den vereinseigenen Internetseiten.<\/span>&nbsp;<\/li>\n<\/ul>\n<p>&nbsp;<\/p>\n<ul>\n<li><span style=\"font-size: 14pt;\"><strong> \u00a7 1.3<\/strong> Nur Vorstandsmitglieder und sonstige Mitglieder, die im Verein eine besondere Funktion aus\u00fcben, welche die Kenntnis bestimmter Mitgliederdaten erfordert, erhalten eine Mitgliederliste mit den ben\u00f6tigten Mitgliederdaten ausgeh\u00e4ndigt.<\/span>&nbsp;<\/li>\n<\/ul>\n<p>&nbsp;<\/p>\n<ul>\n<li><span style=\"font-size: 14pt;\"><strong>\u00a7 1.4<\/strong> Der Verein informiert die \u00f6rtliche Presse \u00fcber besondere Ereignisse, Veranstaltungen usw. Solche Informationen werden \u00fcberdies auf den Internetseiten des Vereins ver\u00f6ffentlicht. Das einzelne Mitglied kann jederzeit schriftlich gegen\u00fcber dem gesch\u00e4ftsf\u00fchrenden Vorstand gegen eine solche Ver\u00f6ffentlichung seiner personenbezogenen Daten widersprechen. Im Falle eines Widerrufs unterbleiben weitere Ver\u00f6ffentlichungen zu seiner Person. Personenbezogene Daten des widerrufenden Mitglieds werden von der Homepage des Vereins entfernt.<\/span>&nbsp;<\/li>\n<\/ul>\n<p>&nbsp;<\/p>\n<ul>\n<li><span style=\"font-size: 14pt;\"><strong> \u00a7 1.5<\/strong> Bei Austritt werden die unter \u00a71 genannten Daten des Mitglieds aus dem Mitgliederverzeichnis gel\u00f6scht. Personenbezogene Daten des austretenden Mitglieds, die die Kassenverwaltung betreffen, werden gem\u00e4\u00df der steuergesetzlichen Bestimmungen bis zu zehn Jahre ab der schriftlichen Best\u00e4tigung des Austritts durch den gesch\u00e4ftsf\u00fchrenden Vorstand aufbewahrt.<\/span><\/li>\n<\/ul>\n<p>&nbsp;<\/p>\n<ul>\n<li><span style=\"font-size: 14pt;\"><strong>\u00a7 1.6<\/strong> F\u00fcr Vereine gilt das Bundesdatenschutzgesetz (BDSG).<\/span><\/li>\n<\/ul>\n<p>&nbsp;<\/p>\n<p><span style=\"font-size: 14pt;\"><u>Ver\u00f6ffentlichung vereinsbezogener Medien<\/u><\/span><\/p>\n<ul>\n<li><span style=\"font-size: 14pt;\"><strong>\u00a7 2.1<\/strong> Vereinsbezogene Aktivit\u00e4ten (Veranstaltungen, Ausfl\u00fcge, usw.) werden sowohl auf den Internetseiten des Vereins, als auch in anderen Medien, z.B. lokalen Tageszeitungen, pr\u00e4sentiert. Zu diesem Zweck werden auch regelm\u00e4\u00dfig Fotos und gelegentlich Videos aus dem Vereinsleben verwendet. Auf diesen Fotos\/Videos sind Vereinsmitglieder (Erwachsene wie Minderj\u00e4hrige) individuell erkennbar. Aus rechtlichen Gr\u00fcnden ist dies nur mit der Einverst\u00e4ndniserkl\u00e4rung des Vereinsmitglieds bzw. eines gesetzlichen Vertreters m\u00f6glich.<\/span><br \/>\n<span style=\"font-size: 14pt;\"> F\u00fcr alle Fotos auf der Homepage hat die Dorfgemeinschaft Bremke e.V. das Copyright. Es d\u00fcrfen keine Fotos und Texte ohne die Genehmigung der Dorfgemeinschaft Bremke e.V. verwendet werden.<\/span>&nbsp;<\/li>\n<\/ul>\n<p>&nbsp;<\/p>\n<ul>\n<li><span style=\"font-size: 14pt;\"><strong>\u00a7 2.2<\/strong> Die Dorfgemeinschaft Bremke e.V. ist ausschlie\u00dflich f\u00fcr den Inhalt der eigenen Internetseiten verantwortlich. Es besteht und ergibt sich kein Haftungsanspruch gegen\u00fcber dem Verein f\u00fcr Art und Form der Nutzung seiner Internetseite, z. B. f\u00fcr das Herunterladen von Bildern und deren anschlie\u00dfender Nutzung durch Dritte.<\/span>&nbsp;<\/li>\n<\/ul>\n<p>&nbsp;<\/p>\n<ul>\n<li><span style=\"font-size: 14pt;\"><strong>\u00a7 2.3<\/strong> Das einzelne Mitglied kann jederzeit schriftlich gegen\u00fcber dem gesch\u00e4ftsf\u00fchrenden Vorstand gegen die in \u00a7 2.1 genannten Ver\u00f6ffentlichungen widersprechen. Im Falle eines Widerrufs unterbleiben weitere Ver\u00f6ffentlichungen im Sinne des \u00a7 2.1. Bereits ver\u00f6ffentlichte Fotos und Videos werden im Rahmen der zur Verf\u00fcgung stehenden M\u00f6glichkeiten gel\u00f6scht.<\/span><\/li>\n<\/ul>\n<\/div><\/div><\/div><\/div><\/div><\/div>\n","protected":false},"excerpt":{"rendered":"","protected":false},"author":1,"featured_media":0,"parent":0,"menu_order":0,"comment_status":"open","ping_status":"open","template":"","meta":{"ngg_post_thumbnail":0,"footnotes":""},"class_list":["post-11839","page","type-page","status-publish","hentry","post"],"_links":{"self":[{"href":"https:\/\/dorfgemeinschaft-bremke.de\/wordpress\/index.php?rest_route=\/wp\/v2\/pages\/11839","targetHints":{"allow":["GET"]}}],"collection":[{"href":"https:\/\/dorfgemeinschaft-bremke.de\/wordpress\/index.php?rest_route=\/wp\/v2\/pages"}],"about":[{"href":"https:\/\/dorfgemeinschaft-bremke.de\/wordpress\/index.php?rest_route=\/wp\/v2\/types\/page"}],"author":[{"embeddable":true,"href":"https:\/\/dorfgemeinschaft-bremke.de\/wordpress\/index.php?rest_route=\/wp\/v2\/users\/1"}],"replies":[{"embeddable":true,"href":"https:\/\/dorfgemeinschaft-bremke.de\/wordpress\/index.php?rest_route=%2Fwp%2Fv2%2Fcomments&post=11839"}],"version-history":[{"count":54,"href":"https:\/\/dorfgemeinschaft-bremke.de\/wordpress\/index.php?rest_route=\/wp\/v2\/pages\/11839\/revisions"}],"predecessor-version":[{"id":18288,"href":"https:\/\/dorfgemeinschaft-bremke.de\/wordpress\/index.php?rest_route=\/wp\/v2\/pages\/11839\/revisions\/18288"}],"wp:attachment":[{"href":"https:\/\/dorfgemeinschaft-bremke.de\/wordpress\/index.php?rest_route=%2Fwp%2Fv2%2Fmedia&parent=11839"}],"curies":[{"name":"wp","href":"https:\/\/api.w.org\/{rel}","templated":true}]}}